- -32. List the prime factors of (-4)/(-10) + q/(250/(-165)).
7
Let p be (-945)/(-10)*(-4)/(-3). Let a(k) = k + 4. Let b be a(-4). Suppose 130 = 5*v - 5*q, 7*v - 2*v - 3*q - p = b. List the prime factors of v.
2, 3
Let x(j) = j - 1. Let u(i) = 12*i**3 - 2*i**2 + 2*i. Let y(z) = u(z) + 5*x(z). List the prime factors of y(2).
97
Let i be -2232*2*1/(-4). Let x be i/6*1/3. List the prime factors of (-4)/(4*-2)*x.
31
Suppose -2*t - 2*t = -16. Suppose t*v + 3 - 31 = 0. List the prime factors of (6/2 + v)*2.
2, 5
Let c = -1984 + 3043. List the prime factors of c.
3, 353
Let h(a) = 21*a - 2*a**2 + 4 - a**3 - 3*a**2 - 25*a. Let f be h(-4). Suppose 5*x - 4*v - 46 = 3*x, 80 = 4*x - f*v. List the prime factors of x.
17
Let w(v) = 77*v + 45. List the prime factors of w(4).
353
Let i = 2 - 3. Let p(g) = 65*g**2 + 2*g + 1. Let m be p(i). Suppose m = 3*u - 4*w - 12, -5*u - 5*w + 80 = 0. List the prime factors of u.
2, 5
Let x(s) = 26*s - 6. Let r be x(-2). Let q = 98 + r. List the prime factors of q.
2, 5
What are the prime factors of ((-2)/(-4))/(206/1096744)?
2, 11
Suppose 4*m = -k + 9778 + 2727, 3*k = m - 3136. List the prime factors of m.
53, 59
Let c(z) = -z**3 + 25*z**2 - 11*z - 25. List the prime factors of c(23).
2, 3, 5, 13
Suppose p - 5 = -4*p - 2*i, 2*i = -2*p - 4. Suppose 5*v = 2*v + 4*m + 461, -p*v - 4*m + 445 = 0. What are the prime factors of v?
151
Let o(a) = -8*a - 36. Let q be (4 + (-20)/(-15))*-3. List the prime factors of o(q).
2, 23
Let r(f) = -f**2 - 10*f - 6. Let v be r(-9). Suppose 5*z + 3 = 4*z + 5*w, 3*z = v*w + 39. What are the prime factors of z?
17
Let a(i) = 2*i**3 - 7*i**2 + 4*i + 1. Let u be a(4). Let t = -6 + u. Suppose c - t - 7 = 0. What are the prime factors of c?
2, 17
Suppose -4 = 5*n - 7*n, 0 = -5*l + 3*n + 9554. List the prime factors of l.
2, 239
Let x be (40/12)/((-2)/(-3)). Suppose 5*u - x*p = 160, 1 = -5*p - 4. Let r = 24 + u. List the prime factors of r.
5, 11
Suppose 3*f + 4*v - 126 = 0, -4*f + 3*v + 168 = 4*v. Suppose 4*w = 638 - f. What are the prime factors of w?
149
Let u be 4/(-6) - 6/(-9). Let c(h) = -3*h + 0*h**2 + u*h**2 + 15 + h**2 + 2*h. What are the prime factors of c(0)?
3, 5
Let m(v) = 287*v + 26. List the prime factors of m(3).
887
Let u = -20 - -20. Suppose -5*k + 3*k - 4*l = -22, -l = -3. Suppose 5*j = -2*n + 24, u = k*n - 3*n - 2*j - 24. List the prime factors of n.
2, 3
Suppose 8 = -z - 3*n, -5*n = -n + 16. Suppose z*r - 167 = -63. List the prime factors of r.
2, 13
Suppose -101 = -3*p + 40. Suppose 151 = 3*y + 5*k + p, -2*y - 3*k = -69. List the prime factors of y.
3, 11
Let a(b) = -b - 20. Let z be a(-27). Let s(u) = -u**3 + 9*u**2 + 12*u - 16. List the prime factors of s(z).
2, 83
Let u(v) = -66*v + 26. Let k be u(-5). Suppose -7*d - k = -9*d. List the prime factors of d.
2, 89
Let o be (-2 + -2)/4*-1. Let p be (2 - 3)*(-22)/o. What are the prime factors of p*(-2 + 21/6)?
3, 11
Let q = 2164 + -1234. What are the prime factors of q?
2, 3, 5, 31
Let y = 19 - 22. Let p = y - -8. Let v = 16 - p. What are the prime factors of v?
11
Suppose 3*q + 5*n = 10054, -6*q + 9*q - 10064 = 5*n. List the prime factors of q.
7, 479
Let s(o) = 3*o + 26. Let a be s(-3). Suppose -12*w - 340 = -a*w. What are the prime factors of w?
2, 17
Let j be (6 - 0) + (-5)/5. Suppose 0 = -2*z + 2*y - 6, 8*z = 5*z + j*y - 19. Suppose -z*r = r - 78. List the prime factors of r.
2, 13
Suppose -65131 = -20*h - 15291. List the prime factors of h.
2, 7, 89
Let d(t) = t**2 - 2*t + 3. Let y be d(2). Suppose -y*g = 5*g - 16. Suppose g*m + 31 = 127. What are the prime factors of m?
2, 3
Let f(a) = -5*a + 1. Let h be f(-1). Let u be (-1)/(21/h + -3). What are the prime factors of (3 - 5)/(u/13)?
13
Let q(i) be the first derivative of -1/3*i**3 - 5 + 8*i - 6*i**2. What are the prime factors of q(-11)?
19
Suppose -h = 5*m - 2078, -2*h + 2744 + 1420 = 2*m. What are the prime factors of h?
2083
Suppose 0*o - 2*l = -5*o + 421, -4*o = -l - 338. List the prime factors of o.
5, 17
Let w(b) = -27*b + 37. Let l be w(-16). Let t = -249 + l. List the prime factors of t.
2, 5, 11
Suppose z - 24 = -21, 0 = 3*a - z - 7386. List the prime factors of a.
3, 821
Let z(j) = -2*j**2 + 2*j + 46. Let m be z(0). What are the prime factors of (2 - (-14 + 6))*m/4?
5, 23
Suppose -3*u + 6 = -o - 2, -o - 5*u = -16. Let w = -120 + 81. List the prime factors of 1 + -3 + (o - w).
2, 19
Suppose 3*c = 4*r - 2*c - 53, -3*r + 11 = 2*c. Let f be (-40)/(-7) - (-2)/r. Suppose -2*y - 172 = -f*y + l, 2*l - 34 = -y. List the prime factors of y.
2, 3, 7
Let l(s) = -s**2 - 23*s. Let v be l(-23). Suppose v = 15*q + 120 - 3285. What are the prime factors of q?
211
Suppose -9*y = 5*k - 6*y - 1618, -k + 2*y + 334 = 0. What are the prime factors of k?
2, 163
Let n(f) be the first derivative of f**4/4 + f**3/3 + f**2/2 + 134*f - 32. What are the prime factors of n(0)?
2, 67
Let d = -65 + 57. What are the prime factors of 4/d*-2 - -110?
3, 37
Let z(j) = -j - 4. Let i be z(-7). Suppose 4*u - i*u = 241. List the prime factors of u.
241
Let w be 4/18 - (-4)/(-18). Suppose 2*l - 4*l + 5*f + 63 = w, 15 = -3*f. What are the prime factors of 3/(-3) + -2 + l?
2
Suppose 12 = 2*q + 4*c, -3*q - 3*c = -0*c - 18. Suppose q = 4*w - 2. Suppose w*m - 50 = -30. What are the prime factors of m?
2, 5
Let m(v) = 2*v - 6. Let c be m(5). List the prime factors of -3 - (c + -52 - 1).
2, 23
Let p be (-3)/(-12)*-38*-14. Let k = p + -78. What are the prime factors of k?
5, 11
Suppose -12 = 2*s + 2. Let l = s - -7. Suppose -5*h + l*h - 5*c = -65, 4*h - c - 27 = 0. List the prime factors of h.
2
Let z = 196 + 879. List the prime factors of z.
5, 43
Suppose -3*a = 2*z - 6*z + 17, -24 = -4*z - 4*a. Suppose x = -z*k + 18, 3*k + 2*k + 3*x = 14. Let q(h) = 2*h - 6. List the prime factors of q(k).
2
Let z(s) = s**2 - 22*s - 51. Let n be z(24). Let u(m) = -9*m. Let l be u(-1). List the prime factors of (2 + -4 - n)*l.
3
Suppose -3*c + 4 = 2*t, -4 = 3*c - 3*t + t. Suppose 3*x = 2*l - c*x - 61, -5*l + 156 = -4*x. List the prime factors of 2*(-4)/(l/(-116)).
29
Let b = 878 - 305. What are the prime factors of b?
3, 191
Let a(n) = -229*n - 18. List the prime factors of a(-2).
2, 5, 11
Let c = -166 + 167. Let s(a) = 41*a - 3 + 3. What are the prime factors of s(c)?
41
Suppose 2*g + 11 = 7. Let n be 18 + (g + 2)/(-2). Let b = n - 11. List the prime factors of b.
7
Suppose 2*y + 2 = 2*i, -3 = 4*y + 9. Let k be (1 + -2)/((-1)/i). List the prime factors of k/7 + 2948/77.
2, 19
Suppose 4*f + 9536 = 4*d, 15078 = 6*d - 3*f + 762. List the prime factors of d.
2, 3, 199
Let u(n) = n**2 + 11*n + 4. Let o be u(-11). Suppose o*j = 8*j - 12. Suppose -4*d + 2*s = -244, -47 = 2*d - j*d + 4*s. What are the prime factors of d?
3, 7
Let c = 2114 - -292. List the prime factors of c.
2, 3, 401
Let g(v) = 4*v - 18. Suppose -2*q = -4*u, -5*q + 3 = 4*u - 11. Suppose 5*k - q*c - 37 = 2*c, -4*k + 3*c = -30. What are the prime factors of g(k)?
2, 3
Let m(v) = 3*v**3 - 8*v**2 + 8*v - 2. Let a(c) = -4*c**3 + 9*c**2 - 7*c + 1. Let z(j) = 2*a(j) + 3*m(j). What are the prime factors of z(6)?
2, 7
Suppose -3*z - 2*p + p = -28, 3*p = -5*z + 44. List the prime factors of (0 - (5 + -1)) + z.
2, 3
Let a = -524 - -780. What are the prime factors of a?
2
Let t(g) = 20*g**2 - 6*g - 10. What are the prime factors of t(-5)?
2, 5, 13
Let g(n) = -2*n - 2. Let m be g(-2). Let c(v) = 25*v + 2. What are the prime factors of c(m)?
2, 13
Suppose 1319*l - 1321*l + 4852 = 0. What are the prime factors of l?
2, 1213
Let v = 828 - 404. What are the prime factors of v?
2, 53
Let x(c) = 2*c + 25. Let f be x(0). Suppose -2*t - d = -5, 3*d = -2*d - f. Suppose 236 = -r + t*r. What are the prime factors of r?
59
Let r(t) = 297*t + 537. What are the prime factors of r(15)?
2, 3, 13
Let p = 52 - 32. Suppose g + 53 = p. Let v = 46 + g. List the prime factors of v.
13
Let o(g) be the first derivative of -g**4/4 - 10*g**3/3 - 5*g**2 - 2*g - 3. Let w(d) = d**3 - 6*d**2 - 2*d + 3. Let f be w(6). List the prime factors of o(f).
7
Suppose 0 = 2*q + 2*q - 12, 0 = 2*a + 2*q + 440. What are the prime factors of (-2)/(-6)*(-10 - a)?
71
Let f = -452 - -734. What are the prime factors of f?
2, 3, 47
Let j(c) = -2*c**2 + c + 247. List the prime factors of j(0).
13, 19
Let z = 24 + -14. Let u be